+ 1?
6
-3 + -2 + (7 - 4)
-2
What is -11 + 6 - -11 - (0 + 1)?
5
Evaluate 3 + -2 + 3 + -5.
-1
Calculate 2 + -1 + -4 + 2 + 0.
-1
Calculate (0 - (-8 - -4)) + 0.
4
What is the value of 11 + (1 - (3 - -5))?
4
What is (-5 - (-1 + -2)) + 3?
1
Calculate 4 - (3 - 7 - -13).
-5
Calculate 1 + -1 + -3 + (4 - 2).
-1
Evaluate 0 - (6 - 5) - 3.
-4
Evaluate -1 + -8 - (-10 + 6).
-5
Calculate -2 + 3 + -6 + 5.
0
Evaluate -9 - -8 - (-1 - 2).
2
Evaluate 6 + (-13 + 26 - 19).
0
What is the value of -11 + (1 - (1 + -10))?
-1
What is the value of (14 - 20) + 9 - 13?
-10
-64 + 61 + (0 - 0)
-3
Evaluate (-3 + -1 - (4 + -5)) + 6.
3
Calculate 10 + -3 + -8 + 3.
2
Evaluate 5 - (-9 + 2 - -18).
-6
Calculate 4 + -7 + 4 - (0 + -2).
3
Calculate (8 - 1 - 2) + -5.
0
Evaluate 8 + -1 + (-10 - -7).
4
Evaluate -19 - -14 - (-9 - -3) - -4.
5
Calculate (-2 + -2 - -8) + -4.
0
Evaluate -6 - (-6 + (6 - 3)).
-3
What is the value of (1 - 1) + (7 - 12)?
-5
What is 12 - ((47 - 44) + -1 + 2)?
8
Calculate -3 - 2 - -4 - -4.
3
What is -1 + 4 + -2 + -1 + 4?
4
What is the value of 0 + 0 + (4 - 6)?
-2
Evaluate 3 + 0 + (0 - -2).
5
4 + (-2 - ((0 - -3) + -2))
1
5 + 5 + -9 - 3
-2
Evaluate 7 + 0 - (4 - 1).
4
100 + -101 - (-7 - 1)
7
Evaluate -6 - (1 + -3 + -3).
-1
Evaluate 1 + -6 + (11 - (5 - 4)).
5
Calculate -1 - ((3 - (0 + 1)) + -3).
0
(-1 - (-2 + 2)) + -1
-2
Calculate -6 - ((-9 - -4) + 0).
-1
What is the value of (-14 - -11) + 2 + 1 - 2?
-2
1 + (5 - 11) + -1 + 5
-1
(-1 - (2 + -9)) + (109 - 113)
2
Calculate -7 - (-10 - -4) - (0 + 5).
-6
What is 1 + -3 - (-14 + 16)?
-4
-3 + (3 - 4) - -1 - 1
-4
Evaluate (13 - (25 - 17)) + (-11 - -2).
-4
-5 + -4 + 11 + -11 + 1
-8
Calculate 0 + 0 + -3 + 0 + 1.
-2
What is the value of 417 - 409 - ((17 - 1) + 2)?
-10
What is the value of -13 + 13 + -1 - (0 - -1)?
-2
Calculate 1 - (-1 + 10) - -15 - 1.
6
What is the value of (15 - (-18 + 34)) + 7 + 1?
7
Calculate (-37 - -50) + -9 + 1.
5
What is 2 + -5 + (3 - -3) + -4?
-1
Evaluate -3 - (-3 - 2) - 2 - -3.
3
Calculate (7 - (3 - (-5 - -4))) + -4.
-1
Evaluate -5 - (-11 - (7 - 13) - -8).
-8
Calculate 10 + -13 - 8 - -7.
-4
Calculate 2 - 1 - (16 + -20).
5
What is (-3 - -10) + 2 + -12?
-3
Evaluate -3 - (6 + -6) - -4.
1
-1 - (3 + -6) - -1
3
1 + -1 + 2 - (171 - 160)
-9
Calculate (0 - (-8 - -7)) + (0 - 2).
-1
1 - (4 + 6 + -5 + 1)
-5
Evaluate -4 + (-1 - 0) + (25 - 25).
-5
What is 5 + -1 + (-1 - 2)?
1
(0 + -2 - 4) + 3
-3
What is 2 + 4 + -1 + (-2 - -2)?
5
Evaluate (9 - (-5 + 7)) + (0 - -2).
9
Evaluate -7 + (5 - -1 - 9) + 8.
-2
What is the value of 9 - (3 - -4) - 2?
0
(-4 - 1) + 0 + (1 - 1)
-5
Calculate 2 - (-2 - -11) - (0 + 0).
-7
What is 4 + 0 + -5 + 3 + 1?
3
Evaluate -1 - (3 + -9 + 7).
-2
106 + -104 + (6 - -1)
9
2 + -1 - (-1 - 4) - 14
-8
-1 + (-3 - 2 - -12) + -2
4
Calculate 3 + (-4 - (-7 - 1)) - 4.
3
What is the value of 1 + (3 - 5) - -3 - 5?
-3
What is 0 - -1 - (5 - (13 - 4))?
5
What is the value of (-4 - 2) + 4 - 4?
-6
Evaluate -30 + 30 + (4 - 2).
2
Calculate -4 + -1 + 7 + 0 + -5.
-3
Evaluate 15 - 8 - (2 + 1 + 0).
4
-1 + (-7 - (6 - 12)) + 1
-1
Evaluate 2 + 0 - ((-4 - -3) + -2).
5
Calculate (234 - 229) + (0 + -1 - -1).
5
Evaluate -1 + 4 + 0 + 1.
4
What is the value of (-4 - (-5 + 1)) + 4 + -3?
1
What is the value of 21 + 3 + -11 + -12?
1
What is 0 + 1 - (140 + -146)?
7
Calculate (1 - (-6 - (6 + -10))) + 1.
4
(-1 - -4) + -1 + -2
0
0 - (2 - (0 + 5))
3
Calculate 1 + (6 - 5) - 0.
2
What is the value of -1 - (9 - (8 + -4))?
-6
What is the value of (4 - (4 - 6)) + (2 - 5)?
3
Evaluate (-11 - (-7 - -2)) + 19 + -17.
-4
Calculate -3 + (3 + (-3 - 4) - -4).
-3
Calculate 2 - (9 + -6 + -1).
0
What is the value of -2 + -4 + 4 - (-6 - -1)?
3
Calculate 1 - (8 - (1 + 10)).
4
What is the value of -7 + (1 - -7 - 4 - 1)?
-4
Calculate (5 - 6) + -4 - -1.
-4
Calculate 5 + (-3 - (3 - 5)).
4
Evaluate (2 + -1 - -4 - 4) + 2.
3
What is 3 + (-5 - (10 - 6))?
-6
Calculate -2 - (-4 - (-7 + 5)).
0
Evaluate -5 + 3 + 0 + -5 + 5.
-2
Calculate 3 + 3 + -7 + 3.
2
What is -9 - (7 + -4 + -8)?
-4
Calculate -4 + 0 - 7 - (-16 - -12).
-7
Evaluate 3 + (5 - 5) + (3 - 1).
5
-2 + 12 + (-3 - 2)
5
-12 - (-3 + -5 + 4) - -5
-3
What is -6 - (-4 + (-3 - -5)) - 0?
-4
What is (-3 - (0 + 5 + -2)) + 5?
-1
What is 7 - (3 + -3 + 3)?
4
3 - (-1 - -5 - 2)
1
What is 6 + 2 - (5 + 11 + -13)?
5
What is (11 + (-13 - -7) - 5) + -5?
-5
What is (0 - (-3 - -2 - -5)) + 0?
-4
Evaluate 11 - (-8 + 13 + 2).
4
Evaluate (4 - 3 - 4) + -1.
-4
What is the value of -5 - (-12 - (6 + (-15 - -5)))?
3
What is the value of 5 - 5 - (-1 + -1)?
2
Evaluate (5 - ((4 - 0) + -4)) + -10.
-5
What is the value of -22 + 16 - (1 - (3 - -4))?
0
Evaluate -3 + (4 - 2) + 3.
2
What is 0 + -4 - (2 - 5)?
-1
6 - 3 - (1 + 0)
2
Evaluate 15 + -9 - 3 - (5 + -1).
-1
(1 - 0) + (5 - 6)
0
What is the value of -5 - -11 - (-10 - -20)?
-4
What is the value of -15 - -20 - (1 + 2 + -2)?
4
0 + 6 - 5 - 1
0
(-5 - 0) + (27 - 26)
-4
Evaluate -9 + 7 + -4 + 3.
-3
Evaluate (1 - 1) + 5 + 67 + -73.
-1
What is the value of 5 - -6 - (9 - 3) - 1?
4
Evaluate 1 + 4 + 1 + 4 + -6.
4
Calculate -1 - 3 - (-75 - -77).
-6
Calculate 5 + (2 - 3) + 2 + -2.
4
Calculate -5 - (9 - 5 - 4).
-5
Calculate -2 + 0 + 3 - 0 - 0.
1
-1 - (1 - ((0 - 1) + 3))
0
Calculate -4 + 1 + 14 + -4.
7
What is (4 - 2 - (2 + -6)) + -3?
3
What is 4 + -3 + 3 + -1 + -7?
-4
5 - (-4 - (1 + -5))
5
-2 + 2 + 4 - 0
4
Evaluate 3 - -3 - (9 - 1).
-2
What is the value of -82 + 71 + (0 - -7)?
-4
What is -2 + (-11 - (0 - 8))?
-5
Evaluate 0 + 9 + -6 + -4.
-1
Evaluate -2 + 2 + (1 - (0 + 1)).
0
Evaluate (1 + (2 - 0) - 3) + 0.
0
What is the value of 193 + -191 - (5 + 0)?
-3
Calculate 3 + (-4 - (-7 + -5)) + -3.
8
Calculate 3 + -2 + -8 + 4.
-3
What is the value of -1 + 3 + 5 - (5 - 2)?
4
What is the value of 1 - (-9 + 3 + 17)?
-10
(1 - (-1 - (1 + -5))) + 7
5
What is the value of (-1 - 1 - 1) + 0 + -2?
-5
What is the value of -5 - (-3 + (1 + 2 - 0))?
-5
What is -3 + 8 + -4 + 3?
4
-3 + (3 + -1 - 10)
-11
What is the value of -23 - -33 - (1 + 9)?
0
0 - (-2 + 0 + -3)
5
Calculate (20 - 0) + (-1 - 5) + -7.
7
-25 + 20 - (2 + -2)
-5
9 + (-11 + 9 - 2)
5
Evaluate 12 + (-4 - -1) - -1.
10
3 + -6 - -4 - -3
4
What is (-11 - (9 - 10)) + 8?
-2
Evaluate -2 + -3 + -4 + 4 + 0.
-5
(0 - (-4 + 6)) + (-5 - -6)
-1
What is the value of 7 - (5 + -3 + 1 + 1)?
3
Calculate -5 - (-9 + 0 + -2 - -4).
2
What is the value of -3 + 11 + 3 + -8 + 0?
3
(-13 - (4 + -17)) + -1 + 9
8
Evaluate (5 - (4 + 0)) + 2 - 0.
3
Calculate -2 + 0 - 3 - (-13 - -10).
-2
What is 9 + -5 + -15 - -4?
-7
What is the value of (4 - (-1 - -3)) + -6?
-4
Calculate 6 + -1 + -8 + 9.
6
What is the value of (-1 - -16) + -18 + -2 + 1?
-4
What is -6 - (-3 - (2 - 0) - 3)?
2
What is the value of 1 + 5 - (20 - -9 - 15)?
-8
-5 - (0 + -3) - (10 - 8)
-4
What is (-2 - -7) + (-4 - 1)?
0
1 + 3 + (-141 - -139)
2
What is -4 + 0 + 6 + -2 - -1?
1
Calculate -4 - (2 + -9) - (0 - -2).
1
What is -1 + (-1 - 0 - (-2 + 1))?
-1
What is the value of (4 - 7) + 14 + -14?
-3
Calculate -3 + -2 - (-6 + -1 - -6).
-4
Calculate (0 - -4) + (-4 - -3).
3
Evaluate (-3 - 3) + 2 - 1.
-5
Calculate -9 + -1 - -3 - -4.
-3
What is the value of 5 - -14 - 6 - 12?
1
What is -1 - 2 - (-2 + (1 - -3))?
-5
What is (-1 - -10) + (0 - 6)?
3
Calculate (0 - -2) + (-45 - -39).
-4
What is the value of -2 - (-14 - -5) - 5?
2
Evaluate -4 - (-1 - (5 - -2)).
4
(3 - (-4 + 7)) + -3
-3
Calculate 0 - 1 - (21 - 28).
6
What is the value of (0 - 0) + -3 + 8?
5
17 + (3 - 10) + -8
2
Evaluate 4 + 4 + -3 + -1.
4
Calculate -13 - -9 - (1 + -4).
-1
Calculate -8 + 5 + -10 + 3.
-10
Calculate 6 + (10 - -1) + -13.
4
Evaluate 5 + -1 - 5 - (-6 - -7).
-2
-4 - ((1 - 0) + -1)
-4
Evaluate (-4 - (1 + 0)) + 57 + -58.
-6
What is 3 + -6 + (-2 - (3 - 7))?
-1
7 + (-2 - (-2 - -3))
4
What is -12 - (-10 - -16 - 25)?
7
Evaluate (9 - 1) + 68 + -69 - 6.
1
7 - 0 - 9 - 7
-9
What is -8 + (-9 - (-7 + -15))?
5
Evaluate 2 - (2 - (0 + -1)).
-1
Evaluate 8 + -3 - (-3 + 4).
4
Evaluate -4 + -11 + 6 - -7 - -3.
1
What is (-5 - -5) + 0 + -4?
-4
Calculate 6 - (2 - -5) - (3 - 0).
-4
What is the value of -9 - -1 - (-4 + -1) - 0?
-3
What is -24 + 17 - (1 - 4)?
-4
Evaluate -5 - (-1 - 5 - -5).
-4
What is 30 + -15 - (9 + -1)?
7
-4 + -4 - -6 - (2 + -4)
0
What is the value of 5 - (8 - (-6 + 7))?
-2
6 + 0 - (212 - 205)
-1
What is the value of 19 - 6 - 13 - (3 - -1)?
-4
What is the value of 6 + -1 - 2 - (5 + -3)?
1
Evaluat